nits digit of 37407614?
4
What is the ten thousands digit of 15251319?
5
What is the tens digit of 2415495025?
2
What is the thousands digit of 406351461?
1
What is the ten thousands digit of 36127352?
2
What is the units digit of 51624738?
8
What is the millions digit of 264596437?
4
What is the millions digit of 31957185?
1
What is the ten thousands digit of 261830974?
3
What is the thousands digit of 119240969?
0
What is the hundred millions digit of 1021110520?
0
What is the billions digit of 2242328129?
2
What is the hundreds digit of 24760051?
0
What is the thousands digit of 118473603?
3
What is the thousands digit of 84156211?
6
What is the tens digit of 385240583?
8
What is the thousands digit of 40635106?
5
What is the hundred millions digit of 339936519?
3
What is the hundred thousands digit of 1444128264?
1
What is the millions digit of 48677016?
8
What is the hundred millions digit of 2896472602?
8
What is the ten millions digit of 1102924152?
0
What is the hundreds digit of 1025840149?
1
What is the thousands digit of 92418934?
8
What is the hundreds digit of 328914862?
8
What is the hundred millions digit of 601404269?
6
What is the units digit of 102919997?
7
What is the ten thousands digit of 1455068466?
6
What is the tens digit of 141630658?
5
What is the hundred thousands digit of 35177589?
1
What is the hundred millions digit of 143560879?
1
What is the hundred thousands digit of 13321723?
3
What is the units digit of 4414962332?
2
What is the ten millions digit of 40877755?
4
What is the hundred millions digit of 2682387267?
6
What is the tens digit of 283479394?
9
What is the units digit of 1955114833?
3
What is the hundred millions digit of 731804614?
7
What is the tens digit of 600911973?
7
What is the ten thousands digit of 230812871?
1
What is the hundred millions digit of 3053539240?
0
What is the thousands digit of 1539254?
9
What is the ten thousands digit of 17182927?
8
What is the tens digit of 21472400?
0
What is the hundreds digit of 29143769?
7
What is the ten thousands digit of 4888320430?
2
What is the ten millions digit of 117869703?
1
What is the hundreds digit of 177787168?
1
What is the ten millions digit of 5441759281?
4
What is the billions digit of 1603594934?
1
What is the tens digit of 757004186?
8
What is the millions digit of 1670540109?
0
What is the hundreds digit of 30234274?
2
What is the hundred millions digit of 354229948?
3
What is the hundred millions digit of 390352947?
3
What is the hundred thousands digit of 253105143?
1
What is the ten millions digit of 1137910384?
3
What is the tens digit of 839697706?
0
What is the tens digit of 25417834?
3
What is the thousands digit of 50588372?
8
What is the units digit of 151412440?
0
What is the hundreds digit of 58463610?
6
What is the tens digit of 89493484?
8
What is the hundred millions digit of 1367911619?
3
What is the tens digit of 108008412?
1
What is the millions digit of 3228203335?
8
What is the ten millions digit of 604540358?
0
What is the millions digit of 222009209?
2
What is the thousands digit of 303023405?
3
What is the tens digit of 228892880?
8
What is the hundred thousands digit of 58694955?
6
What is the millions digit of 1787560172?
7
What is the ten thousands digit of 2511823712?
2
What is the tens digit of 517305162?
6
What is the hundred millions digit of 105498808?
1
What is the ten thousands digit of 1402181163?
8
What is the millions digit of 53710623?
3
What is the hundred thousands digit of 90542482?
5
What is the thousands digit of 30673640?
3
What is the tens digit of 2483774616?
1
What is the thousands digit of 4868589004?
9
What is the hundred thousands digit of 975869705?
8
What is the thousands digit of 55600537?
0
What is the millions digit of 47342432?
7
What is the hundred thousands digit of 72812830?
8
What is the hundred thousands digit of 270185382?
1
What is the hundred thousands digit of 286624046?
6
What is the hundreds digit of 92379026?
0
What is the millions digit of 454285501?
4
What is the ten thousands digit of 39492430?
9
What is the tens digit of 112250870?
7
What is the hundreds digit of 193188831?
8
What is the hundreds digit of 406464278?
2
What is the ten millions digit of 283054765?
8
What is the millions digit of 8160541?
8
What is the units digit of 27906815?
5
What is the hundred thousands digit of 3802924977?
9
What is the hundred thousands digit of 985529659?
5
What is the hundreds digit of 27621832?
8
What is the tens digit of 243569369?
6
What is the hundred millions digit of 4236121327?
2
What is the hundreds digit of 101975618?
6
What is the tens digit of 83321673?
7
What is the millions digit of 152890393?
2
What is the millions digit of 1643662457?
3
What is the millions digit of 1343003573?
3
What is the hundred thousands digit of 149079804?
0
What is the millions digit of 504718010?
4
What is the hundred thousands digit of 235535127?
5
What is the thousands digit of 529873745?
3
What is the hundred thousands digit of 576063572?
0
What is the units digit of 44048626?
6
What is the tens digit of 16225920?
2
What is the ten millions digit of 2416669106?
1
What is the units digit of 52869400?
0
What is the tens digit of 33788433?
3
What is the hundreds digit of 91806130?
1
What is the ten thousands digit of 1516323470?
2
What is the ten millions digit of 8986685268?
8
What is the tens digit of 786409068?
6
What is the ten millions digit of 135878486?
3
What is the hundred thousands digit of 59558074?
5
What is the ten millions digit of 27838602?
2
What is the hundreds digit of 112785238?
2
What is the hundreds digit of 13127293?
2
What is the millions digit of 132534908?
2
What is the ten millions digit of 237675069?
3
What is the units digit of 16482681?
1
What is the ten thousands digit of 8704318?
0
What is the ten millions digit of 30921634?
3
What is the hundreds digit of 238008277?
2
What is the ten thousands digit of 119956966?
5
What is the tens digit of 52596072?
7
What is the thousands digit of 3760921088?
1
What is the hundred thousands digit of 468205401?
2
What is the millions digit of 96064918?
6
What is the tens digit of 30126028?
2
What is the hundred millions digit of 2443307913?
4
What is the thousands digit of 27969141?
9
What is the ten thousands digit of 224845005?
4
What is the tens digit of 179297126?
2
What is the ten millions digit of 38468741?
3
What is the hundred thousands digit of 75740177?
7
What is the hundred millions digit of 137391102?
1
What is the ten thousands digit of 447666690?
6
What is the ten millions digit of 19410237?
1
What is the units digit of 88036544?
4
What is the hundred millions digit of 4444287726?
4
What is the millions digit of 8423426155?
3
What is the thousands digit of 13964473?
4
What is the millions digit of 1124688193?
4
What is the billions digit of 4898696972?
4
What is the units digit of 82790138?
8
What is the tens digit of 42504251?
5
What is the hundred thousands digit of 19669502?
6
What is the millions digit of 150615959?
0
What is the ten thousands digit of 65974302?
7
What is the hundreds digit of 1243484576?
5
What is the hundreds digit of 6113854388?
3
What is the millions digit of 29201567?
9
What is the tens digit of 749380?
8
What is the ten thousands digit of 3448851894?
5
What is the units digit of 266509509?
9
What is the tens digit of 37518197?
9
What is the hundreds digit of 96708307?
3
What is the ten thousands digit of 177631149?
3
What is the units digit of 55276372?
2
What is the ten thousands digit of 736554909?
5
What is the hundreds digit of 177476831?
8
What is the millions digit of 227338001?
7
What is the hundred millions digit of 7904868517?
9
What is the thousands digit of 1006488228?
8
What is the tens digit of 90102158?
5
What is the tens digit of 229922707?
0
What is the millions digit of 12908847?
2
What is the thousands digit of 31023640?
3
What is the units digit of 2319363470?
0
What is the hundred millions digit of 129728090?
1
What is the hundreds digit of 476424122?
1
What is the ten millions digit of 113419367?
1
What is the hundred thousands digit of 3260322932?
3
What is the thousands digit of 7420605?
0
What is the units digit of 166627418?
8
What is the millions digit